 t. Let i = l + -66. Calculate r(i).
-7
Let r = -93 + 93. Suppose -n + 19 = 5*k, -3*n + 6*k - 10*k + 2 = r. Let x(l) = 3*l**2 - 3*l**2 + l**2 + 7*l. Determine x(n).
-6
Let k be (-3 + 13)*(-2 - -3). Let c(d) = -3*d + 20. Determine c(k).
-10
Suppose 4*y + 2*l + 9 - 21 = 0, 4*y - 12 = 4*l. Suppose y*q - 5*q + 0*q = 0. Let a(k) = k**3 + k**2 - k + 5. Calculate a(q).
5
Let j(c) = c + 95. Let q be j(-6). Let x = 91 - q. Let o(d) = 4*d**3 + d. Let m(v) = -5*v**3 - v. Let s(n) = 5*m(n) + 6*o(n). What is s(x)?
-6
Let w be -11 - (-776)/72 - 166/(-18). Let k(o) = -2*o**3 + 19*o**2 - 8*o - 5. Calculate k(w).
4
Let y(t) = -t**2 + 5*t + 6. Suppose 0 = 33*z - 35*z. Suppose z = -4*b + 2*n + 14, 4*b - 9*b - 3*n = -34. Calculate y(b).
6
Let s(v) = 2*v**2 + 31*v - 21. Let k be s(-16). Let t be (-3 - (k - 3))*(-4)/(-5). Let u(a) = a**3 - 3*a**2 + 3*a - 6. What is u(t)?
22
Let k(m) be the third derivative of 5*m**4/24 + 4*m**3/3 - 2716*m**2. What is k(-1)?
3
Let r(l) = -14*l. Let h(b) be the second derivative of b**4/12 + 2*b**3 + 6*b**2 + b. Let g = -619 + 608. Let u be h(g). Determine r(u).
-14
Let w(k) = 5119 + 16*k - 10238 + 5118 + 5*k. Determine w(2).
41
Suppose 3*v - 8*v = 20. Let m(a) = 4 - 139*a**2 + 17*a + 141*a**2 - 10*a. What is m(v)?
8
Let s(o) = -o**3 - 52*o - o**2 - 55*o + 166*o - 60*o + 0*o**3. Determine s(-4).
52
Let o(a) = -22*a**2 - 7*a + 1. Let v(b) = -70*b**2 - 24*b + 4. Let n(p) = 7*o(p) - 2*v(p). Determine n(-1).
-14
Suppose -6*w = -3*w + 6. Let s(o) = 11*o**2 - 3*o + 23. Suppose 0 = -5*p - 82 + 167. Let u(c) = 4*c**2 - c + 8. Let x(k) = p*u(k) - 6*s(k). Give x(w).
4
Let z(n) = 4*n - 34. Let d be z(6). Let h be (-5)/d*-28 + 7. Let x(s) = 2*s**2 + 14*s - 1. Calculate x(h).
-1
Let t(r) be the first derivative of 2*r**3/3 + 2*r**2 - r + 362. Suppose m - 2*j + 17 = 2*j, 0 = -5*m + 5*j - 10. What is t(m)?
29
Suppose 31*q + 176 = 29*q. Let j = q - -124. Let u = j + -28. Let g(y) = y - 6. Calculate g(u).
2
Suppose 5*i - 2*q - 77 = 0, -163 = -10*i - q + 4*q. Let z(b) = -2*b**3 + 40*b**2 - 39*b + 16. Determine z(i).
-3
Let b(h) be the second derivative of h**4/4 + 2*h**3/3 + 18*h**2 + 8096*h. Give b(-4).
68
Let p(n) be the second derivative of -2*n**2 - 1/3*n**3 + 0 + 34*n. Give p(-3).
2
Let d be 7 + -8 + 150/2. Let c = 45 - d. Let i(y) = y**2 + 30*y + 24. Let v be i(c). Let l(j) = -j**2 - 7*j + 1. Calculate l(v).
11
Let x(p) = -p**2 - 4*p + 38. Suppose -3*c + 10*a = 27, -c + 3*a - 4 = 5. What is x(c)?
-7
Let o(t) = 150 + 2*t - 303 + 140. Give o(-5).
-23
Let u = 5 + -1. Let g(o) be the third derivative of -o**5/30 + 7*o**4/24 - o**3/3 - 198*o**2. Give g(u).
-6
Let f = 61 - 57. Suppose -f*n - 2*p + 29 = -7*p, 0 = -4*n - 3*p - 11. Let a(q) = 3*q**2 + 0*q**2 - 2*q**2. What is a(n)?
1
Let a(x) = x**2 - 2*x - 35. Suppose -22*y - 513 + 381 = 0. Give a(y).
13
Let i(y) = y**3 + y**2 - 8*y - 16. Let o be (13 + 345/(-30))/(3/(-4)). Determine i(o).
-4
Let p be 520/200 - (1 + 14/(-10)). Let u(r) = 4*r**2 + 0*r**p + 0 - r**3 + 2 + 10. Give u(5).
-13
Let f(g) be the second derivative of -g**7/840 - g**6/30 - g**4/2 + 2*g**3/3 + 25*g**2/2 - 165*g. Let b(q) be the second derivative of f(q). Determine b(-12).
-12
Let z(l) = 13*l + 20. Let h(y) = -64*y - 80. Let r(g) = -2*h(g) - 9*z(g). Determine r(15).
145
Suppose -4*x - k - k - 8 = 0, -5*x = 2*k + 8. Suppose x*m + 2*m = -4*f + 6, -5*m - 1 = 2*f. Let t(r) = 14*r. Give t(m).
-14
Let n(a) = a**3 + 11*a**2 - 2*a - 1. Let v be n(-11). Let l(r) = -5*r**2 + 8 + 2*r - 2 + v*r**3 - 22*r**3 + r. Determine l(-6).
24
Let j(m) = -77*m + 24. Let s(y) = -115*y + 34. Let k(q) = -14*j(q) + 9*s(q). What is k(1)?
13
Let m(y) = -2*y**2 + 46*y - 36. Suppose -161 = -3*t - 95. Determine m(t).
8
Let b(j) = 11*j**2 + 11*j - 21. Let p be b(2). Let d = p - 49. Let k(r) = r**3 + 4*r**2 + 2*r + 2. Calculate k(d).
-6
Let w = 14 - 12. Let y(b) = 6 - 10 + b + 0 + 5 + b**2 + 0*b**w. What is y(-1)?
1
Let p(a) = -a**2 - 6*a - 3. Let v be -2*(-2 + (-6)/4). Let x(y) = y**3 + 12*y**2 - 14*y - 1. Let g be x(-13). Suppose v*w + 40 = g. What is p(w)?
5
Let a(p) = 6*p + 0*p**2 + p**2 + p**2 + 5. Suppose 137*r - 141*r + 54 = -18*t, -4*t - 4*r = 12. Determine a(t).
5
Let t(i) be the second derivative of i**3/2 - 9*i**2/2 - i. Suppose 28 = 4*a + 2*l, -5*a - 4*l - 71 + 112 = 0. Give t(a).
6
Let z(i) = 8*i - 324 - 455 + 10*i + 621. Calculate z(9).
4
Let f(k) = -1 + 3 - 3*k**2 + k + 1 - k**3. Let d be f(-3). Let l(n) be the third derivative of n**4/24 + n**3/2 - 2*n**2 + 2*n - 2. What is l(d)?
3
Let u be 72/27*33/(-22). Let q(b) = -b**2 - 10*b - 1. Determine q(u).
23
Let k(u) = -8*u**3 - 400*u**2 + 3*u + 148. Let s be k(-50). Let f(i) = 4*i + 450 + i**2 - 450. What is f(s)?
-4
Let w = -184 + 190. Let q(o) = -19*o + w + 5 + 25*o + o**3 - 6*o**2 - 4*o. Calculate q(5).
-4
Let x be 2*(10 + -12)*7/(-4). Let y(q) = 2*q**2 - 4*q**2 - 7*q**2 + 3 + x*q**2 + 2*q. Calculate y(-2).
-9
Let p(g) = g**2 - 2*g + 1. Let z(x) = 3*x**2 - 11*x + 6. Let j(m) = -4*p(m) + 2*z(m). Let c be j(7). Let y(o) = 4*o + 2. What is y(c)?
34
Let r(t) = -t**3 - 6*t**2 - 7*t + 1. Let c = 328 - 331. Let i = -8 - c. Calculate r(i).
11
Let f(u) = -16*u**2 + 4. Let o be 6/(-27) + (-5 - (-440)/36). Let n(j) = 30*j**2 - 7. Let r(x) = o*f(x) + 4*n(x). Calculate r(-1).
8
Let k(s) = s**3 + 19*s**2 - 19*s + 7. Let c = 17763 - 17783. Give k(c).
-13
Let j(s) = 11*s - 70. Let v be j(9). Let l(b) = -v*b + 2 + 20*b + 3*b**2 - b**2 - 3*b**2. What is l(-10)?
-8
Let h(s) be the first derivative of s**6/360 + 13*s**5/120 + s**4/12 - 2*s**3/3 + 86*s - 169. Let x(l) be the third derivative of h(l). Determine x(-6).
-40
Let a(v) = 50*v**2 - 5*v + 28. Let j(d) = -67*d**2 + 6*d - 27. Let t(w) = -4*a(w) - 3*j(w). Calculate t(-7).
4
Let d(a) = 13*a**2 + 31*a + 20. Let i(q) = -3*q**2 - 8*q - 5. Let j(c) = 2*d(c) + 9*i(c). Let g be 20/(-230) - (3648/92)/4. Calculate j(g).
-5
Let z(c) = 3*c + 12. Let a = 9628 + -9634. Determine z(a).
-6
Suppose -1 = 3*c - 5*n, -61*c = -63*c - 2*n + 10. Let x(t) be the first derivative of -5/2*t**2 + 1/3*t**3 - 1 + 3*t. Calculate x(c).
-3
Let a(b) = -b**3 - 8*b**2 - 5*b + 17. Suppose 2741*w - 180 = 2771*w. Calculate a(w).
-25
Let l(w) be the first derivative of -w**3/3 + 13*w**2 + 7*w + 5476. Determine l(19).
140
Let s = -8031 - -8023. Let i(y) = -8*y - 37. Determine i(s).
27
Let w(d) = -4 + 1348*d**3 - d - 1251*d**3 - d**2 - 96*d**3. Calculate w(0).
-4
Let g(a) = -57*a - 455. Suppose -46 + 86 = -5*k. Give g(k).
1
Let p(c) be the first derivative of -c**4/4 - 5*c**3/3 + c**2 - c - 8484. Let o be (0 + 0)/(-5 + 3). Let h(g) = g**2 + g - 5. Let n be h(o). Determine p(n).
-11
Let n(t) be the first derivative of 2*t**3/3 - 11*t**2/2 + 7*t - 544. What is n(5)?
2
Let i(o) be the second derivative of -o**5/60 + o**4/3 - 7*o**3/6 + 4*o**2 + 7*o + 3. Let h(v) be the first derivative of i(v). Give h(6).
5
Let k = -582 + -30. Let i = k - -607. Let q(x) = 5*x + 18. Calculate q(i).
-7
Let w = 8 - -17. Suppose 0 = -3*r - 5*f + w + 21, -r + 18 = f. Let a = 28 - r. Let u(v) = -v - 1. Give u(a).
-7
Let z(j) = -j**2 - 13*j - 12. Let f be z(-12). Let o(x) = x**2 + 4*x + 5. Let w be o(f). Let a(s) = -s**2 + s + 7. Calculate a(w).
-13
Let c = -5868 + 5861. Let y(x) be the first derivative of x**2/2 - 4*x - 2. Determine y(c).
-11
Let x(v) = 2 + v - 4 + v**3 + 3*v - 7*v**2. Let i be (-56)/420 - ((-1347)/315 + (-4)/(-28)). What is x(i)?
-34
Let j(a) be the second derivative of -a**5/20 - 19*a**4/12 - 16*a**3/3 - 3*a**2 + 6387*a. Calculate j(-17).
-40
Let v(x) = 5*x - 1. Let r(u) = -4*u + 2. Let f(m) = -4*r(m) - 3*v(m). Let h be (-4)/20 + (-72570)/150. Let t be 84/(-22) + (-11)/h*-8. Determine f(t).
-9
Let r(h) = h**3 - 8*h**2 - 8*h - 4. Let f(y) = -y**2 + 15*y + 7. Let z be f(16). Let k(p) = -p**3 - 9*p**2 + p + 18. Let s be k(z). Determine r(s).
5
Let k(m) be the first derivative of 7/2*m**2 - 23 - m. Let y = 57 - 55. Determine k(y).
13
Suppose 0 = 9*s + 3 - 39. Suppose -i = -2*i + 4*x + 3, 3*i = s*x - 7. Let q(p) = 3*p + 14. What is q(i)?
-1
Let d(g) be the third derivative of -g**5/30 - 106*g**2. Let f(r) = 7*r**2 - 8*r - 1. Let l(a) = 3*d(a) + f(a). Calculate l(7).
-8
Let d(s) = s - 14. Suppose -21*f + 28096 = 27970. What is d(f)?
-8
Let u be ((-7)/36)/(10 + 222/(-18)). Let f(t) be the third derivative of 1/60*